) = -l**3 - 5*l**2 - 3*l + 4. Let t be p(-4). Let c be (3/3 + 0)*t. Suppose -5*u - 2 + 42 = c. What are the prime factors of u?
2
List the prime factors of (-9 + 0)*(-39)/9.
3, 13
Let f = 8 + -18. Let c = 16 + f. Let l(t) = 2*t**2 - 9*t + 3. What are the prime factors of l(c)?
3, 7
Let u = 13 + -8. Suppose -n + 27 = 3*t, n - u*n + 84 = 4*t. Let x = 30 - n. What are the prime factors of x?
2, 3
Let l(x) = x**2 - 3*x - 2. Let u(d) = -d**3 - d**2 + d + 2. Let g be u(-2). Let w be l(g). Let b = w + 8. What are the prime factors of b?
2, 5
Let b = -209 - -330. List the prime factors of b.
11
Suppose 0 = 8*b - 13*b + 25. Suppose -c - 18 = -4*h, 7 = -b*c - 3. List the prime factors of h.
2
Let f = 14 + -5. Let o(c) = -6*c + 4 - f*c**2 + 8*c**2 - 3 + 1. List the prime factors of o(-3).
11
Let d(f) = 40*f**2 + 2. What are the prime factors of d(1)?
2, 3, 7
Let i be (4/(-6))/(4/(-102)). What are the prime factors of i/2 - 2/4?
2
Let a(y) = y**2 + 2*y + 3. Suppose -l + 1 = 0, -4*d + 3*d = -4*l + 8. List the prime factors of a(d).
11
Let u be -1 + 1/(1 - 2). Let s(h) = -4*h**2 - 4*h + 5. Let p(a) = -4*a**2 - 5*a + 6. Let z(i) = 3*p(i) - 4*s(i). What are the prime factors of z(u)?
2, 3
Let u(g) = -g**3 - g**2 + 3*g - 1. List the prime factors of u(-4).
5, 7
Let f(i) = -40*i - 14. What are the prime factors of f(-9)?
2, 173
Let w = 242 - 142. What are the prime factors of w?
2, 5
Let b(o) = -2*o + 3. Let y be b(3). Let f be 2*-1 + y + 8. Suppose 5 = -x, f*z - 4*x - 33 = 14. What are the prime factors of z?
3
Let t(z) = 8*z - 16. Let i be t(8). Suppose -2*s + 0*s + i = 0. List the prime factors of s.
2, 3
Let x be 0/((-15)/3 + 1). Suppose -o = -x*o - 46. What are the prime factors of o?
2, 23
Let u = -12 - -24. Let q = 27 - u. List the prime factors of q.
3, 5
Let w(a) = -5*a - 3. Let v be w(-2). Let o = v + 7. List the prime factors of o.
2, 7
Suppose 2*d + 44 = -2*l, 4*l = 2*d - 0*l + 20. Let q = 1 - d. List the prime factors of -1*2/(-2)*q.
19
Let r(h) = h**2 + 4. Let t be r(4). Suppose 0 = 3*a - t + 8. List the prime factors of a.
2
Let d(b) = -3*b + 7. Let t be d(-8). Suppose 2*m - t = 9. Suppose -3*y = y - m. What are the prime factors of y?
5
Let c = 34 + 113. What are the prime factors of c?
3, 7
What are the prime factors of (-8)/(-36) + (-1184)/(-18)?
2, 3, 11
Let a(q) = -q**3 + 12*q**2 - 10*q - 7. Let x be a(11). Suppose 2*u - 7*u = x*g - 49, 5*g = 5. List the prime factors of u.
3
Suppose 140 = 2*b + 6*l - 3*l, 205 = 3*b + 2*l. Let q = -35 + b. What are the prime factors of q?
2
Let k be ((-12)/10)/((-21)/(-1190)). Let q = -27 - k. What are the prime factors of q?
41
List the prime factors of (-10 - -53)*(2 - 1).
43
Let w(j) = j**3 + 6*j**2 - 2*j + 9. Let y be w(-5). What are the prime factors of ((-6)/4)/((-2)/y)?
3, 11
Let q(h) = h**2 - 2*h - 2. Let o be q(3). Let z = -6 + o. Let s = 0 - z. List the prime factors of s.
5
Let y(k) = -k**3 - 4*k**2 + 5*k - 3. Let g be y(-5). Let o(w) = w**3 + 4*w**2 + 3. List the prime factors of o(g).
2, 3
Let q(f) = -f**3 + 6*f**2 - 3*f - 1. Let z be q(6). Let t = -2 - z. Suppose -2*n = -t - 5. List the prime factors of n.
11
Suppose -4*d + 90 - 6 = 3*h, -4*d + 68 = -h. List the prime factors of d.
2, 3
Let t be 4/4*2 - -26. Suppose t = 2*k - 2. What are the prime factors of k?
3, 5
Suppose -12*v = -14*v + 24. List the prime factors of v.
2, 3
Let l be 19/2*-2 + 2. Let s = 34 + l. List the prime factors of s.
17
Suppose 0 - 10 = -2*g. Suppose 5*i + u - 4 = -u, -g*u = -i + 17. List the prime factors of i.
2
Let a(r) = -r**3 + 11*r**2 - 9*r - 6. Let c be a(10). Let g be (c/(-6))/((-2)/36). Suppose -3*w = -2*w - g. What are the prime factors of w?
2, 3
Suppose 0 = -0*l - 3*l + 3. Let i be ((-2 + 3)*l)/(-1). What are the prime factors of (3 - 5) + 16 + i?
13
Let n be (-95)/(-10) + (-1)/2. Let w = n + -4. What are the prime factors of w?
5
Let v(a) = -4*a. Let u be v(3). Let t = u + 31. What are the prime factors of t?
19
Let y(c) = c**2 + c + 4. What are the prime factors of y(-4)?
2
Let k(v) = -3 + 7*v + 11 + 2. What are the prime factors of k(5)?
3, 5
Let z(p) = 4*p + 3. Let o be z(6). Let n = -40 + o. Let y = n - -18. List the prime factors of y.
5
Let d(p) = -7*p - 1. Let g be d(-1). Let j = 34 + g. Suppose -5*q - j = -5*k, -2*k + 6 = 4*q - 4. List the prime factors of k.
7
Let m = -5 + -1. Let a = -9 - m. List the prime factors of a - -1 - 14/(-1).
2, 3
Let h = -252 - -582. List the prime factors of h.
2, 3, 5, 11
Suppose -5 = 5*h - 65. Let g = -4 + h. What are the prime factors of g?
2
Suppose -15 = 3*t, -3*t - 2*t = n + 25. Suppose -12 = -3*j + 6. What are the prime factors of j - ((-2)/(-1) - n)?
2
Let t(u) be the first derivative of -21*u**4/4 - u**2/2 + 3. List the prime factors of t(-1).
2, 11
Suppose 0 = 2*c - c + 2. Let p be ((-1)/(-2))/(c/(-12)). List the prime factors of 2/(-4)*(p - 19).
2
Let v be 12/3*(-11)/2. Let k = -11 + -1. Let o = k - v. What are the prime factors of o?
2, 5
Let i(m) = 2*m**2 + m - 3. List the prime factors of i(-5).
2, 3, 7
Suppose 4*g - 2 - 2 = 0. Suppose g = -q + 6. List the prime factors of q.
5
Let g(c) = -c**3 - 5*c**2 + 7*c + 9. Let t be g(-6). Let k = 15 - t. List the prime factors of k.
2, 3
Suppose r = 2*h + 2*r + 2, -h - 5*r + 17 = 0. Let x = -6 - h. List the prime factors of -1 - (x + (2 - 13)).
13
Suppose 2*c + 2 = -2. List the prime factors of c - -1 - (-1 - 9).
3
Let a = 8 + 2. Let z = 3 + a. List the prime factors of z.
13
List the prime factors of (-21)/(-2)*(26 + -16).
3, 5, 7
Suppose k + h - 3*h = -88, 5*h + 10 = 0. Let n = -66 - k. What are the prime factors of n?
2, 13
Suppose -4*m + 66 = 2*c, 4*m = 5*m + 4*c - 20. List the prime factors of (-4)/m + 90/8.
11
Let n(f) = f**3 + 8*f**2 - 3*f - 17. List the prime factors of n(-6).
73
What are the prime factors of -20*((-6)/(-5) + -4)?
2, 7
Suppose -6*w - 8*w + 4662 = 0. What are the prime factors of w?
3, 37
Suppose 5*c = -0*c + 115. Suppose -2*r + 3*r + c = 0. Let m = -5 - r. What are the prime factors of m?
2, 3
Let a be (-18)/(-4) + 10/20. Suppose 0 = -a*p - 0*k + 4*k + 118, 2 = -k. What are the prime factors of p?
2, 11
Let d(u) = -3 + 2*u + 21*u**2 - 15*u**2 + 0*u. List the prime factors of d(2).
5
Let s(q) = 17*q + 11. List the prime factors of s(3).
2, 31
Suppose k - 3*k + 4 = 0. Let b = -4 + 11. Suppose k*l - 39 = -5*h, -3*l + b = 1. What are the prime factors of h?
7
Let d be 6 + (0 - (-3 - -4)). Suppose -260 + 24 = -d*r + 4*n, 3*r = 4*n + 140. List the prime factors of r.
2, 3
Suppose -a = 3*a - 32. List the prime factors of a.
2
Let p = 801 - 433. List the prime factors of p.
2, 23
Suppose n + 3*n - 12 = 0. Suppose 3 + 9 = n*p. Suppose -4*l - 4*k + 24 = 0, -2*l - p*k = -4*l. What are the prime factors of l?
2
Let m(g) be the third derivative of 1/60*g**5 + 0*g + 0 + g**2 - g**3 - 7/24*g**4. What are the prime factors of m(9)?
2, 3
Let t = 240 + -85. What are the prime factors of t?
5, 31
Suppose i + q = 0, 0 = -5*i - 3*q + 4 - 10. Let s(y) = y**3 + 8*y**2 - 9*y + 13. Let z be s(-9). Let w = i + z. What are the prime factors of w?
2, 5
Suppose -100 = -5*z + q, 8*z - 3*z - 2*q = 100. Suppose k = -v - 6 + z, -3*k = 4*v - 53. What are the prime factors of v?
11
Let g be ((-12)/30)/(1/(-10)). Suppose -g*o - o = -150. List the prime factors of o.
2, 3, 5
Suppose -5*y + 2370 = y. List the prime factors of y.
5, 79
Let b be -2 - -2 - (5 + -1). Let s be -1*(-2)/b*-2. Let q = s + 1. List the prime factors of q.
2
Let d(a) = -a**3 + 8*a**2 - a + 10. Suppose 0 = -5*q - 5*k + 35, -4*k + 3 = -q + 15. Let w be d(q). List the prime factors of (w/(-3))/((-4)/30).
5
Let m(s) be the second derivative of s**5/20 - 7*s**4/12 + s**3 - 5*s**2/2 + 4*s. What are the prime factors of m(7)?
37
Suppose 3*l = 5*d, d = -d + 6. What are the prime factors of l?
5
Let h(p) = 43*p**2 - 2*p - 1. What are the prime factors of h(-1)?
2, 11
Let v = -1 - -2. Let m be (v - 6)*6/(-5). Suppose -m*g = -3*g - 45. What are the prime factors of g?
3, 5
Let j(v) = -v**2 + 7*v - 6. Let t(l) = -5*l**3 - 2*l**2 - 2*l - 1. Let s be t(-1). Let y = s - 0. List the prime factors of j(y).
2, 3
Let v be (-2 + 2/2)*1. Let k = v + 4. List the prime factors of k.
3
Suppose -5*y + 33 + 6 = 4*w, -5*y = -2*w - 63. List the prime factors of y.
11
Let d = -